{"id":2,"date":"2022-08-16T15:47:35","date_gmt":"2022-08-16T13:47:35","guid":{"rendered":"http:\/\/drbis.pl\/?page_id=2"},"modified":"2022-08-23T10:16:51","modified_gmt":"2022-08-23T08:16:51","slug":"przykladowa-strona","status":"publish","type":"page","link":"https:\/\/drbis.pl\/","title":{"rendered":"Strona g\u0142\u00f3wna"},"content":{"rendered":"\n<div class=\"wp-block-group alignfull is-layout-flow wp-block-group-is-layout-flow\">\n<div class=\"wp-block-cover alignfull is-light is-style-default\" style=\"min-height:460px;aspect-ratio:unset;\"><span aria-hidden=\"true\" class=\"wp-block-cover__background has-background-dim-0 has-background-dim\"><\/span><img loading=\"lazy\" decoding=\"async\" width=\"1599\" height=\"465\" sizes=\"auto, (max-width: 799px) 200vw,(max-width: 1599px) 100vw,1599px\" class=\"wp-block-cover__image-background wp-image-38\" alt=\"\" src=\"http:\/\/drbis.pl\/wp-content\/uploads\/2022\/08\/hero-baner-dr-bis-pisanie-podan.jpg\" data-object-fit=\"cover\" srcset=\"https:\/\/drbis.pl\/wp-content\/uploads\/2022\/08\/hero-baner-dr-bis-pisanie-podan.jpg 1599w, https:\/\/drbis.pl\/wp-content\/uploads\/2022\/08\/hero-baner-dr-bis-pisanie-podan-300x87.jpg 300w, https:\/\/drbis.pl\/wp-content\/uploads\/2022\/08\/hero-baner-dr-bis-pisanie-podan-1024x298.jpg 1024w, https:\/\/drbis.pl\/wp-content\/uploads\/2022\/08\/hero-baner-dr-bis-pisanie-podan-768x223.jpg 768w, https:\/\/drbis.pl\/wp-content\/uploads\/2022\/08\/hero-baner-dr-bis-pisanie-podan-1536x447.jpg 1536w\" \/><div class=\"wp-block-cover__inner-container is-layout-flow wp-block-cover-is-layout-flow\">\n<div class=\"wp-block-group is-layout-constrained wp-container-core-group-is-layout-33d1d030 wp-block-group-is-layout-constrained\">\n<h1 class=\"alignwide has-text-align-center has-background-color has-text-color wp-block-heading\" style=\"font-size:50px;font-style:normal;font-weight:600;line-height:1.1;margin-top:0px;margin-right:0px;margin-bottom:0px;margin-left:0px\"><em>T\u0142umaczenie j\u0119zyka niemieckiego  Pisanie poda\u0144 i pism<\/em><\/h1>\n<\/div>\n<\/div><\/div>\n\n\n\n<h2 class=\"has-text-align-center wp-block-heading\">Oferta<\/h2>\n\n\n\n<p class=\"has-text-align-center\">Oferuj\u0119 swoje us\u0142ugi w zakresie pisania pism oraz t\u0142umacze\u0144<br>z j\u0119zyka niemieckiego na j\u0119zyk polski jak te\u017c z polskiego na niemiecki.<\/p>\n\n\n\n<div class=\"wp-block-columns are-vertically-aligned-center tw-row-gap-x-small is-layout-flex wp-container-core-columns-is-layout-28f84493 wp-block-columns-is-layout-flex\">\n<div class=\"wp-block-column is-vertically-aligned-center is-layout-flow wp-block-column-is-layout-flow\">\n<div class=\"wp-block-columns is-layout-flex wp-container-core-columns-is-layout-f93fcc32 wp-block-columns-is-layout-flex\" style=\"padding-top:20px;padding-right:20px;padding-bottom:20px;padding-left:20px\">\n<div class=\"wp-block-column is-vertically-aligned-center is-layout-flow wp-block-column-is-layout-flow\">\n<figure class=\"wp-block-image aligncenter size-large is-resized\"><img loading=\"lazy\" decoding=\"async\" src=\"http:\/\/drbis.pl\/wp-content\/uploads\/2022\/08\/plde.svg\" alt=\"\" class=\"wp-image-322\" width=\"130\" height=\"118\"\/><\/figure>\n<\/div>\n\n\n\n<div class=\"wp-block-column is-vertically-aligned-center is-layout-flow wp-block-column-is-layout-flow\" style=\"--col-width:70%;flex-basis:70%\">\n<p>T\u0141UMACZENIA PISEMNE<br>I USTNE J\u0118ZYKA NIEMIECKIEGO<\/p>\n<\/div>\n<\/div>\n<\/div>\n\n\n\n<div class=\"wp-block-column is-vertically-aligned-center is-layout-flow wp-block-column-is-layout-flow\">\n<div class=\"wp-block-columns is-layout-flex wp-container-core-columns-is-layout-1be07f86 wp-block-columns-is-layout-flex\" style=\"padding-top:36px;padding-right:36px;padding-bottom:36px;padding-left:36px\">\n<div class=\"wp-block-column is-vertically-aligned-center is-layout-flow wp-block-column-is-layout-flow\">\n<figure class=\"wp-block-image aligncenter size-large is-resized\"><img loading=\"lazy\" decoding=\"async\" src=\"http:\/\/drbis.pl\/wp-content\/uploads\/2022\/08\/podanie.svg\" alt=\"\" class=\"wp-image-47\" width=\"95\" height=\"86\"\/><\/figure>\n<\/div>\n\n\n\n<div class=\"wp-block-column is-vertically-aligned-center is-layout-flow wp-block-column-is-layout-flow\" style=\"--col-width:70%;flex-basis:70%\">\n<p>PISANIE PODA\u0143 I PISM W J\u0118ZYKU NIEMIECKIM<\/p>\n<\/div>\n<\/div>\n<\/div>\n<\/div>\n\n\n\n<div class=\"wp-block-buttons is-layout-flex wp-block-buttons-is-layout-flex\">\n<div class=\"wp-block-button aligncenter is-style-outline is-style-outline--1\"><a class=\"wp-block-button__link\" href=\"http:\/\/drbis.pl\/?page_id=8\">OFERTA<\/a><\/div>\n<\/div>\n\n\n\n<div style=\"height:60px\" aria-hidden=\"true\" class=\"wp-block-spacer\"><\/div>\n<\/div>\n\n\n\n<div class=\"wp-block-group alignfull has-tertiary-background-color has-background is-layout-constrained wp-container-core-group-is-layout-3e80c2f5 wp-block-group-is-layout-constrained\" style=\"padding-top:40px;padding-bottom:60px\">\n<div class=\"wp-block-columns has-text-align-left tw-row-gap-large is-layout-flex wp-container-core-columns-is-layout-28f84493 wp-block-columns-is-layout-flex\">\n<div class=\"wp-block-column has-tertiary-background-color has-background is-layout-flow wp-block-column-is-layout-flow\" style=\"--col-width:600px;flex-basis:600px\">\n<figure class=\"wp-block-image size-full is-resized\"><img loading=\"lazy\" decoding=\"async\" src=\"http:\/\/drbis.pl\/wp-content\/uploads\/2022\/08\/foto-praca-pisanie-podan.jpg\" alt=\"\" class=\"wp-image-49\" width=\"714\" height=\"401\" srcset=\"https:\/\/drbis.pl\/wp-content\/uploads\/2022\/08\/foto-praca-pisanie-podan.jpg 572w, https:\/\/drbis.pl\/wp-content\/uploads\/2022\/08\/foto-praca-pisanie-podan-300x168.jpg 300w\" sizes=\"auto, (max-width: 714px) 100vw, 714px\" \/><\/figure>\n<\/div>\n\n\n\n<div class=\"wp-block-column has-tertiary-background-color has-background is-layout-flow wp-block-column-is-layout-flow\" style=\"--col-width:600px;padding-top:20px;flex-basis:600px\">\n<h3 class=\"wp-block-heading\"><em>Dr n. ekon. <strong>Jan Rafa\u0142 Bis<\/strong><\/em><\/h3>\n\n\n\n<ul class=\"omnie_lista wp-block-list\"><li>Jestem emerytowanym nauczycielem akademickim.<\/li><li>Uko\u0144czy\u0142em studia doktoranckie w dziedzinie ekonomii w j\u0119zyku niemieckim w Hochschule fuer Verkehrswesen Dresden.<\/li><li>Prowadzi\u0142em dzia\u0142alno\u015b\u0107 gospodarcz\u0105 na w\u0142asny rachunek w zakresie us\u0142ug doradczych dla ma\u0142ych i \u015brednich przedsi\u0119biorstw.<\/li><li>Od dw\u00f3ch lat realizuj\u0119 zlecenia z zakresu zwyk\u0142ych t\u0142umacze\u0144 z j\u0119zyka niemieckiego na j\u0119zyk polski jak te\u017c z polskiego na niemiecki.<\/li><\/ul>\n<\/div>\n<\/div>\n\n\n\n<div class=\"wp-block-buttons is-layout-flex wp-block-buttons-is-layout-flex\">\n<div class=\"wp-block-button aligncenter is-style-outline is-style-outline--2\"><a class=\"wp-block-button__link\" href=\"http:\/\/drbis.pl\/?page_id=10\">O MNIE<\/a><\/div>\n<\/div>\n<\/div>\n\n\n\n<div class=\"wp-block-group alignwide is-layout-flow wp-container-core-group-is-layout-64d45731 wp-block-group-is-layout-flow\" style=\"padding-top:80px;padding-bottom:80px\">\n<h2 class=\"has-text-align-center wp-block-heading\">Zle\u0107 t\u0142umaczenie lub napisanie pism<\/h2>\n\n\n\n<p class=\"has-text-align-center\">W celu z\u0142o\u017cenia zlecenia lub uzyskania informacji uprzejmie prosz\u0119 o kontakt:<\/p>\n\n\n\n<p class=\"has-text-align-center\"><strong>Biuro Pisania Pism i T\u0142umacze\u0144<br>Dr n. ekon. Jan Rafa\u0142 Bis<br>ul. Unis\u0142awy 13 B\/13, PL 71-402 Szczecin<\/strong><\/p>\n\n\n\n<div class=\"wp-block-columns is-layout-flex wp-container-core-columns-is-layout-28f84493 wp-block-columns-is-layout-flex\">\n<div class=\"wp-block-column is-vertically-aligned-center has-background-background-color has-background is-layout-flow wp-block-column-is-layout-flow\">\n<p class=\"has-text-align-center has-secondary-background-color has-background\"><a href=\"tel:+48 91 828 17 32\" data-type=\"tel\" data-id=\"tel:+48 91 828 17 32\"><strong>tel:+48 91 828 17 32<\/strong><\/a><\/p>\n\n\n\n<p class=\"has-text-align-center\">pod numerem telefonu<br>stacjonarnego<\/p>\n<\/div>\n\n\n\n<div class=\"wp-block-column has-background-background-color has-background is-layout-flow wp-block-column-is-layout-flow\">\n<p class=\"has-text-align-center has-black-color has-secondary-background-color has-text-color has-background\"><strong><a href=\"tel:+48 601 737 415\" data-type=\"tel\" data-id=\"tel:+48 601 737 415\">+48 601 737 415<\/a><\/strong><\/p>\n\n\n\n<p class=\"has-text-align-center\">pod numerem telefonu<br>kom\u00f3rkowego<\/p>\n<\/div>\n\n\n\n<div class=\"wp-block-column has-background-background-color has-background is-layout-flow wp-block-column-is-layout-flow\">\n<p class=\"has-text-align-center has-black-color has-secondary-background-color has-text-color has-background\"><strong><a href=\"mailto:jrb@drbis.pl\" data-type=\"mailto\" data-id=\"mailto:jrb@drbis.pl\">jrb@drbis.pl<\/a><\/strong><\/p>\n\n\n\n<p class=\"has-text-align-center\">poczt\u0105 elektroniczn\u0105<br>e-mail<\/p>\n<\/div>\n<\/div>\n<\/div>\n\n\n\n<div class=\"wp-block-columns alignwide is-layout-flex wp-container-core-columns-is-layout-28f84493 wp-block-columns-is-layout-flex\">\n<div class=\"wp-block-column has-tertiary-background-color has-background is-layout-constrained wp-container-core-column-is-layout-3c081fac wp-block-column-is-layout-constrained\" style=\"--col-width:100%;padding-top:60px;flex-basis:100%\">\n<h3 class=\"has-text-align-center wp-block-heading\">Wy\u015blij wiadomo\u015b\u0107 przez formularz<\/h3>\n\n\n\n<div class=\"wp-block-group has-tertiary-background-color has-background is-horizontal is-content-justification-center is-nowrap is-layout-flex wp-container-core-group-is-layout-2256e7f1 wp-block-group-is-layout-flex\">\t\t\t\t<div class = \"wp-block-uagb-cf7-styler uagb-cf7-styler__outer-wrap uagb-block-6246f443   \">\n\t\t\t\t\t<div class = \"uagb-cf7-styler__align-left uagb-cf7-styler__field-style-box uagb-cf7-styler__btn-align-center uagb-cf7-styler__btn-align-tablet- uagb-cf7-styler__btn-align-mobile- uagb-cf7-styler__highlight-style-default uagb-cf7-styler__check-style-enabled\">\n\t\t\t\t\t\n<div class=\"wpcf7 no-js\" id=\"wpcf7-f66-o1\" lang=\"pl-PL\" dir=\"ltr\">\n<div class=\"screen-reader-response\"><p role=\"status\" aria-live=\"polite\" aria-atomic=\"true\"><\/p> <ul><\/ul><\/div>\n<form action=\"\/index.php?rest_route=%2Fwp%2Fv2%2Fpages%2F2#wpcf7-f66-o1\" method=\"post\" class=\"wpcf7-form init\" aria-label=\"Formularz kontaktowy\" novalidate=\"novalidate\" data-status=\"init\">\n<div style=\"display: none;\">\n<input type=\"hidden\" name=\"_wpcf7\" value=\"66\" \/>\n<input type=\"hidden\" name=\"_wpcf7_version\" value=\"5.8.1\" \/>\n<input type=\"hidden\" name=\"_wpcf7_locale\" value=\"pl_PL\" \/>\n<input type=\"hidden\" name=\"_wpcf7_unit_tag\" value=\"wpcf7-f66-o1\" \/>\n<input type=\"hidden\" name=\"_wpcf7_container_post\" value=\"0\" \/>\n<input type=\"hidden\" name=\"_wpcf7_posted_data_hash\" value=\"\" \/>\n<\/div>\n<div class=\"clearfix\">\n\t<div id=\"left\">\n\t\t<p><span class=\"wpcf7-form-control-wrap\" data-name=\"your-name\"><input size=\"40\" class=\"wpcf7-form-control wpcf7-text\" aria-invalid=\"false\" placeholder=\"Imi\u0119 i nazwisko\" value=\"\" type=\"text\" name=\"your-name\" \/><\/span>\n\t\t<\/p>\n\t\t<p><span class=\"wpcf7-form-control-wrap\" data-name=\"your-email\"><input size=\"40\" class=\"wpcf7-form-control wpcf7-email wpcf7-validates-as-required wpcf7-text wpcf7-validates-as-email\" aria-required=\"true\" aria-invalid=\"false\" placeholder=\"E-mail lub numer telefonu\" value=\"\" type=\"email\" name=\"your-email\" \/><\/span>\n\t\t<\/p>\n\t<\/div>\n\t<div id=\"right\">\n\t\t<p><span class=\"wpcf7-form-control-wrap\" data-name=\"your-message\"><textarea cols=\"40\" rows=\"10\" class=\"wpcf7-form-control wpcf7-textarea\" aria-invalid=\"false\" placeholder=\"Wiadomo\u015b\u0107\" name=\"your-message\"><\/textarea><\/span>\n\t\t<\/p>\n\t<\/div>\n<\/div>\n<div class=\"button_contact_form\">\n\t<p><input class=\"wpcf7-form-control wpcf7-submit has-spinner\" type=\"submit\" value=\"WY\u015aLIJ WIADOMO\u015a\u0106\" \/>\n\t<\/p>\n<\/div><div class=\"wpcf7-response-output\" aria-hidden=\"true\"><\/div>\n<\/form>\n<\/div>\n\t\t\t\t\t<\/div>\n\t\t\t\t<\/div>\n\t\t\t\t<\/div>\n<\/div>\n<\/div>\n\n\n\n<div style=\"height:60px\" aria-hidden=\"true\" class=\"wp-block-spacer\"><\/div>\n","protected":false},"excerpt":{"rendered":"<p>Oferta Oferuj\u0119 swoje us\u0142ugi w zakresie pisania pism oraz t\u0142umacze\u0144z j\u0119zyka niemieckiego na j\u0119zyk polski jak te\u017c z polskiego na niemiecki. T\u0141UMACZENIA PISEMNEI USTNE J\u0118ZYKA NIEMIECKIEGO PISANIE PODA\u0143 I PISM W J\u0118ZYKU NIEMIECKIM Dr n. ekon. Jan Rafa\u0142 Bis Jestem emerytowanym nauczycielem akademickim. Uko\u0144czy\u0142em studia doktoranckie w dziedzinie ekonomii w j\u0119zyku niemieckim w Hochschule fuer [&hellip;]<\/p>\n","protected":false},"author":1,"featured_media":0,"parent":0,"menu_order":0,"comment_status":"closed","ping_status":"open","template":"wp-custom-template-szablon-1","meta":{"inline_featured_image":false,"_uag_custom_page_level_css":"","footnotes":""},"class_list":["post-2","page","type-page","status-publish","hentry"],"uagb_featured_image_src":{"full":false,"thumbnail":false,"medium":false,"medium_large":false,"large":false,"1536x1536":false,"2048x2048":false},"uagb_author_info":{"display_name":"admin","author_link":"https:\/\/drbis.pl\/?author=1"},"uagb_comment_info":0,"uagb_excerpt":"Oferta Oferuj\u0119 swoje us\u0142ugi w zakresie pisania pism oraz t\u0142umacze\u0144z j\u0119zyka niemieckiego na j\u0119zyk polski jak te\u017c z polskiego na niemiecki. T\u0141UMACZENIA PISEMNEI USTNE J\u0118ZYKA NIEMIECKIEGO PISANIE PODA\u0143 I PISM W J\u0118ZYKU NIEMIECKIM Dr n. ekon. Jan Rafa\u0142 Bis Jestem emerytowanym nauczycielem akademickim. Uko\u0144czy\u0142em studia doktoranckie w dziedzinie ekonomii w j\u0119zyku niemieckim w Hochschule fuer&hellip;","_links":{"self":[{"href":"https:\/\/drbis.pl\/index.php?rest_route=\/wp\/v2\/pages\/2","targetHints":{"allow":["GET"]}}],"collection":[{"href":"https:\/\/drbis.pl\/index.php?rest_route=\/wp\/v2\/pages"}],"about":[{"href":"https:\/\/drbis.pl\/index.php?rest_route=\/wp\/v2\/types\/page"}],"author":[{"embeddable":true,"href":"https:\/\/drbis.pl\/index.php?rest_route=\/wp\/v2\/users\/1"}],"replies":[{"embeddable":true,"href":"https:\/\/drbis.pl\/index.php?rest_route=%2Fwp%2Fv2%2Fcomments&post=2"}],"version-history":[{"count":24,"href":"https:\/\/drbis.pl\/index.php?rest_route=\/wp\/v2\/pages\/2\/revisions"}],"predecessor-version":[{"id":341,"href":"https:\/\/drbis.pl\/index.php?rest_route=\/wp\/v2\/pages\/2\/revisions\/341"}],"wp:attachment":[{"href":"https:\/\/drbis.pl\/index.php?rest_route=%2Fwp%2Fv2%2Fmedia&parent=2"}],"curies":[{"name":"wp","href":"https:\/\/api.w.org\/{rel}","templated":true}]}}